1205?
1
What is the hundred thousands digit of 2495309?
4
What is the ten millions digit of 106168190?
0
What is the units digit of 2819729353?
3
What is the hundreds digit of 69137008?
0
What is the tens digit of 375762581?
8
What is the tens digit of 85257274?
7
What is the thousands digit of 63687577?
7
What is the tens digit of 89711978?
7
What is the thousands digit of 968378658?
8
What is the tens digit of 44949053?
5
What is the ten millions digit of 3401640398?
0
What is the units digit of 1275440856?
6
What is the tens digit of 614807865?
6
What is the thousands digit of 329852475?
2
What is the millions digit of 13273722?
3
What is the hundred thousands digit of 146589479?
5
What is the ten millions digit of 218963636?
1
What is the tens digit of 3905023752?
5
What is the hundred thousands digit of 1945506076?
5
What is the thousands digit of 115851319?
1
What is the tens digit of 76110950?
5
What is the hundred thousands digit of 32301211?
3
What is the ten millions digit of 61012326?
6
What is the tens digit of 7283055364?
6
What is the ten millions digit of 20041769?
2
What is the thousands digit of 14117424?
7
What is the units digit of 583921127?
7
What is the tens digit of 144999014?
1
What is the hundred thousands digit of 13860186?
8
What is the hundreds digit of 2520278913?
9
What is the thousands digit of 202961178?
1
What is the hundreds digit of 2766110818?
8
What is the thousands digit of 27053635?
3
What is the ten thousands digit of 97451166?
5
What is the hundreds digit of 341830293?
2
What is the ten millions digit of 62924102?
6
What is the hundred thousands digit of 707103873?
1
What is the millions digit of 26575779?
6
What is the hundred thousands digit of 25003729?
0
What is the ten millions digit of 775480825?
7
What is the tens digit of 1276776835?
3
What is the ten millions digit of 2110778271?
1
What is the millions digit of 6181128?
6
What is the millions digit of 141413617?
1
What is the ten thousands digit of 937227978?
2
What is the hundred thousands digit of 13018439?
0
What is the ten thousands digit of 43806953?
0
What is the ten millions digit of 82553007?
8
What is the millions digit of 3767510748?
7
What is the millions digit of 901253523?
1
What is the thousands digit of 42336041?
6
What is the hundred thousands digit of 3057454?
0
What is the units digit of 114874920?
0
What is the millions digit of 2693048444?
3
What is the millions digit of 9312154?
9
What is the tens digit of 119919290?
9
What is the hundreds digit of 96795854?
8
What is the units digit of 70716008?
8
What is the tens digit of 16796510?
1
What is the hundred thousands digit of 56068367?
0
What is the tens digit of 179316965?
6
What is the hundred thousands digit of 87673561?
6
What is the thousands digit of 152302804?
2
What is the tens digit of 82598079?
7
What is the thousands digit of 1528465525?
5
What is the ten millions digit of 14918081?
1
What is the ten millions digit of 131612923?
3
What is the millions digit of 207432874?
7
What is the ten millions digit of 43300050?
4
What is the ten millions digit of 16917521?
1
What is the hundreds digit of 46950361?
3
What is the units digit of 499638022?
2
What is the hundreds digit of 60469483?
4
What is the tens digit of 28199275?
7
What is the units digit of 8729888?
8
What is the tens digit of 356490196?
9
What is the units digit of 1818885059?
9
What is the hundred thousands digit of 383729393?
7
What is the hundred thousands digit of 40848628?
8
What is the hundred thousands digit of 128360630?
3
What is the ten thousands digit of 18531162?
3
What is the units digit of 35375957?
7
What is the hundreds digit of 268702906?
9
What is the hundreds digit of 1913550546?
5
What is the hundred millions digit of 469827114?
4
What is the hundred thousands digit of 1121991599?
9
What is the tens digit of 27730109?
0
What is the millions digit of 71625971?
1
What is the millions digit of 1067992778?
7
What is the hundred thousands digit of 37229840?
2
What is the ten millions digit of 102652832?
0
What is the hundred thousands digit of 33962204?
9
What is the ten millions digit of 259856273?
5
What is the tens digit of 1698017087?
8
What is the ten millions digit of 1130331879?
3
What is the ten thousands digit of 21191217?
9
What is the tens digit of 2330666927?
2
What is the ten millions digit of 797505763?
9
What is the ten millions digit of 214301134?
1
What is the billions digit of 2237078479?
2
What is the ten thousands digit of 105326799?
2
What is the tens digit of 4451791?
9
What is the ten thousands digit of 1877513268?
1
What is the hundreds digit of 192445910?
9
What is the units digit of 34086790?
0
What is the hundreds digit of 138778312?
3
What is the thousands digit of 65875891?
5
What is the hundred millions digit of 258449954?
2
What is the tens digit of 7413361?
6
What is the tens digit of 325020407?
0
What is the thousands digit of 248451123?
1
What is the millions digit of 157543679?
7
What is the millions digit of 847818375?
7
What is the hundreds digit of 1162517406?
4
What is the tens digit of 2060781324?
2
What is the tens digit of 285792081?
8
What is the hundred thousands digit of 593262943?
2
What is the units digit of 295306447?
7
What is the tens digit of 51960432?
3
What is the millions digit of 111910226?
1
What is the tens digit of 60900710?
1
What is the billions digit of 1699070235?
1
What is the tens digit of 1703638?
3
What is the ten thousands digit of 1219486?
1
What is the ten thousands digit of 2416075395?
7
What is the units digit of 13116372?
2
What is the hundreds digit of 132586865?
8
What is the millions digit of 761927496?
1
What is the tens digit of 12902328?
2
What is the thousands digit of 4724822753?
2
What is the thousands digit of 50503701?
3
What is the millions digit of 3997669835?
7
What is the millions digit of 73411967?
3
What is the thousands digit of 75378357?
8
What is the tens digit of 2860962032?
3
What is the units digit of 3168328220?
0
What is the ten thousands digit of 823123329?
2
What is the units digit of 432263895?
5
What is the hundreds digit of 277934283?
2
What is the units digit of 256894950?
0
What is the tens digit of 3019992843?
4
What is the units digit of 10938112?
2
What is the ten millions digit of 5972361698?
7
What is the hundred thousands digit of 34164635?
1
What is the hundred millions digit of 275146347?
2
What is the ten thousands digit of 14321634?
2
What is the hundred millions digit of 765123110?
7
What is the hundred thousands digit of 12545014?
5
What is the thousands digit of 300966993?
6
What is the hundred thousands digit of 74781373?
7
What is the millions digit of 513412501?
3
What is the ten millions digit of 2220358326?
2
What is the thousands digit of 105808807?
8
What is the ten thousands digit of 63854049?
5
What is the tens digit of 37318830?
3
What is the thousands digit of 1894368465?
8
What is the millions digit of 25351193?
5
What is the units digit of 109245589?
9
What is the thousands digit of 340620794?
0
What is the units digit of 18482353?
3
What is the tens digit of 1423193538?
3
What is the tens digit of 472988740?
4
What is the millions digit of 242390126?
2
What is the ten millions digit of 349973609?
4
What is the thousands digit of 1492914370?
4
What is the units digit of 3958516892?
2
What is the hundred thousands digit of 449262461?
2
What is the hundred thousands digit of 55979842?
9
What is the millions digit of 275468948?
5
What is the tens digit of 442268164?
6
What is the hundreds digit of 146160078?
0
What is the ten thousands digit of 1498082717?
8
What is the hundreds digit of 289556675?
6
What is the units digit of 231870675?
5
What is the millions digit of 172018262?
2
What is the hundred thousands digit of 3032036386?
0
What is the millions digit of 135372900?
5
What is the hundred thousands digit of 739469336?
4
What is the tens digit of 1421521923?
2
What is the hundred millions digit of 523996634?
5
What is the hundreds digit of 30650611?
6
What is the ten thousands digit of 152117748?
1
What is the hundreds digit of 374172172?
1
What is the thousands digit of 38489775?
9
What is the tens digit of 644262481?
8
What is the hundreds digit of 34119